he prime factors of (-2)/(2/32*n).
2
Suppose -2*m = 4*o - 16, -o = -3*m + 3 - 0. Suppose 6*t + 3*x - 251 = 4*t, -5*t = m*x - 644. What are the prime factors of t?
2, 5, 13
Let o(x) be the second derivative of 43*x**6/360 + x**5/120 + 3*x**4/4 + 27*x. Let c(z) be the third derivative of o(z). List the prime factors of c(2).
173
Let g(a) = 11*a**2 - 3*a. Let b(t) be the third derivative of t**4/24 - 5*t**3/2 - 12*t**2. Let p be b(17). List the prime factors of g(p).
2, 19
Let t = 13267 - 7617. What are the prime factors of t?
2, 5, 113
Suppose -6*p + 39 - 9 = 0. Suppose -p*d + 2*d + 87 = 0. Suppose d*k - 1267 = 22*k. What are the prime factors of k?
181
What are the prime factors of 46270 - 1 - ((-40)/(-28))/((-10)/(-35))?
2, 5783
What are the prime factors of 3 + 4 - 2*(-19052)/4?
9533
Suppose -2*w = -36 - 38. Let g = 41 - w. Suppose 0 = g*j + 5 - 57. List the prime factors of j.
13
Suppose -n = -0*n + 5*i + 78, 2*n = -4*i - 126. Let p = n - 101. Let j = -55 - p. What are the prime factors of j?
3, 11
Suppose 20 = -4*f, 3*f - 26060 = -2*l - 1369. List the prime factors of l.
11, 1123
Let v = 17465 - 1319. List the prime factors of v.
2, 3, 13, 23
Let i(c) = -3*c - 61. Let p(l) = -4*l + 65. Let m be p(21). Let r be i(m). List the prime factors of (-2)/r - (-10)/((-80)/(-684)).
2, 43
Suppose -29*u = 3*u - 224. Suppose -5*m = -3*d + 2248, -3*d + u*d = 2*m + 2988. List the prime factors of d.
2, 373
Let b(t) = -7*t**2 + 5*t + 15. Let x(y) = -94*y - 1 - y**2 + 94*y. Let g(v) = -b(v) + 2*x(v). List the prime factors of g(6).
7, 19
Let p(g) = -135*g + 1223. List the prime factors of p(-39).
2, 811
Suppose 0 = 5*h - q - 54449, -5*h + 107*q + 54448 = 105*q. List the prime factors of h.
2, 3, 5, 11
Suppose 0 = 4*d - 601 - 2507. List the prime factors of d.
3, 7, 37
What are the prime factors of -4659*(3 - (-365)/(-30) - 15/(-90))?
3, 1553
Suppose 4*m - 8 = 0, 5*f = -m + 39966 + 138961. What are the prime factors of f?
5, 17, 421
Let r be (-84)/(-378) - (302/(-9))/2. Suppose 5*z - r*f + 13*f - 1879 = 0, 2*z = 4*f + 754. List the prime factors of z.
3, 5
Suppose -19 = -7*f - 26. What are the prime factors of (3/18)/((-10801)/(-10794) + f)?
257
Let j(x) be the third derivative of -45*x**4/4 + x**3/3 - 66*x**2. What are the prime factors of j(-2)?
2, 271
Suppose 2*b = -8, 56*v - 5*b - 121110 = 51*v. List the prime factors of v.
2, 12109
Let m = 211 - 59. Let y = -10 - -13. Suppose -2*l - 2*l = y*f - 290, 2*l - m = 2*f. List the prime factors of l.
2, 37
Let s be 6/33 + (-3644)/(-44). Let j = 14 + s. List the prime factors of j.
97
Let y = -7414 + 27914. List the prime factors of y.
2, 5, 41
Let s(i) = 558*i + 127. Let h be s(9). Suppose -417 = 4*p - h. What are the prime factors of p?
7, 13
Let s(x) = 24*x**2 + 15*x + 208. What are the prime factors of s(-8)?
2, 7, 29
Suppose 0 = 12*l - 90 - 42. Suppose 2*a - l*a - 63 = 0. Let t = a - -31. List the prime factors of t.
2, 3
Suppose -3*z + 0*z + 3*f = -294, -392 = -4*z + 5*f. Suppose -4*n + x + z = 0, -2*n - 5*x = -54 - 6. List the prime factors of n.
5
Let v be (-1 - 0) + 9/(1 - -2). Suppose 1300 = 7*d - v*d. Suppose -d = 14*m - 16*m. List the prime factors of m.
2, 5, 13
Let l = 7002 + -3864. Suppose -3450 = -9*n + l. List the prime factors of n.
2, 3, 61
Let i(z) = z**3 - 21*z**2 - 16*z - 73. Let n be i(22). Suppose 50*r + 14724 = n*r. List the prime factors of r.
2, 409
Let j(o) = -198*o - 32. Let y be j(11). Let m be y/1 + (4 - 4). List the prime factors of ((-12)/(-10))/((-51)/m).
2, 13
Suppose 13066 = x + 3*j, 2*x + 27*j - 32*j - 26154 = 0. List the prime factors of x/10 + -1 + 104/(-520).
2, 653
Let w be 0 + 1 + (25 - 22) + 0. Suppose -w*j - n + 3631 = -2*j, 2*j + 2*n = 3628. What are the prime factors of j?
23, 79
Let w = -87 + 72. Let n = 20 + w. Suppose 2*k = n*a + 6 + 121, 275 = 5*k - 4*a. List the prime factors of k.
3, 17
Let v(n) = -131*n**3 + 16*n**2 + 43*n + 1. List the prime factors of v(-6).
5, 59, 97
Let k(g) = 135*g**2 + 10*g + 151. List the prime factors of k(-7).
2, 3, 31
Suppose -r + 9 = 3*f - 6*f, f - 25 = -2*r. Let s = -6 + 12. Let h = r - s. What are the prime factors of h?
2, 3
Let s(o) = 128*o**2 + 59*o - 192. List the prime factors of s(-10).
2, 3, 2003
Let j be (159 - 0)*(-1 + 2). Let h = 146 + j. List the prime factors of h.
5, 61
Let f(v) = 292*v**2 + 2*v + 3. Let n = -478 - -479. List the prime factors of f(n).
3, 11
Suppose -6*s = -7*s + 8. Suppose 3*v + 3*g = 276, 5*v - 11*g - 420 = -s*g. What are the prime factors of v?
3, 29
Suppose 0 = -r + 36 + 6. Suppose r + 153 = -3*m. Let p = m - -116. List the prime factors of p.
3, 17
Let h be ((-5)/((-30)/(-2457)))/(6/(-8)). Suppose 4*v + h = 70. List the prime factors of ((-20)/(-70))/((-1)/v).
2, 17
Let f be (-808)/(-32)*4 + -1*4. Let d = f - 79. Suppose 2*w = 12 + d. List the prime factors of w.
3, 5
Let k = -10154 - -26521. What are the prime factors of k?
13, 1259
Let w(u) = -4*u - 40. Let t be w(-10). Suppose t = -o + 108 + 136. List the prime factors of o.
2, 61
Let a = -58 + 85. Let j be 2/23 - ((-126)/138 + -8). What are the prime factors of (-18)/a + 609/j?
67
Let o be (-4)/(3 + -1) + -34. Suppose -997 + 1021 = -3*i. What are the prime factors of 2*1750/36 - i/o?
97
Suppose 9 = 2*b + 1. Suppose -7*r + b*r + 474 = 0. Suppose -o = -0*o - r. What are the prime factors of o?
2, 79
Let t(y) = 2*y**3 - 36*y**2 + y - 16. Let p be t(18). List the prime factors of (22/(-33))/(p/(-12)) - -210.
2, 107
Suppose 6*y - 2*y - 58877 = -9*y. List the prime factors of y.
7, 647
List the prime factors of (47848/(-10) + -16)/((-1)/5).
2, 17, 353
Suppose -3*x - 76740 = -3*r, -4*x - 60911 = -5*r + 66989. List the prime factors of r.
2, 5, 1279
Let h = -14846 + 27537. List the prime factors of h.
7, 37
Let b = -32 - -26. List the prime factors of (-2002)/(-14) + 5/((-15)/b).
5, 29
Let h(g) = -2*g**3 + 5*g**2. Let j be h(2). List the prime factors of 60610/(-152)*j/(-1).
5, 11, 29
Suppose 5*a + 3*z - 4158 = 0, 3*a = 1380*z - 1376*z + 2489. What are the prime factors of a?
3, 277
What are the prime factors of -43*((-2 - -5) + (-476 - -4))?
7, 43, 67
Suppose 3*m - 3 = 3*j, 0 = 3*m - 5*m + 3*j - 1. What are the prime factors of m*-1 + (-13)/((-91)/9527)?
23, 59
Let m = -5326 - -13962. List the prime factors of m.
2, 17, 127
Suppose 2*b = -y + 10657, 0 = 60*y - 65*y - 5. What are the prime factors of b?
73
Suppose 0 = 8*i + 55 - 303. Suppose -2*m - 5*t = 0, -t - 2*t = -5*m + i. Suppose m*o + 525 = 10*o. List the prime factors of o.
3, 5, 7
Let w(z) = -z**3 - 18*z**2 - 55*z - 6. Let d be w(-5). Suppose -5*c + 105 + 205 = 0. Let k = d + c. List the prime factors of k.
2, 3
Let p = 3632 + 10259. List the prime factors of p.
29, 479
Suppose -10*o + 35 = -5*o. Let f(n) = n**3 - 7*n**2 - n + 14. Let p be f(o). What are the prime factors of p + -4 + 96 + 1/(-1)?
2, 7
Let w(l) = 2*l**3 + 15*l**2 - 9*l - 10. Let b be w(6). Let u = b + 125. What are the prime factors of u?
1033
Suppose 2*b - 10839 = 5*t, -4*t + 0*t + 10812 = 2*b. List the prime factors of b.
2, 3, 11, 41
Suppose -902 = 6*l - 4*l. Let j = l - -1243. List the prime factors of j.
2, 3, 11
Let v = 34 - 45. Let p(d) = -7*d - 32. Let b be p(v). Let n = b + 83. What are the prime factors of n?
2
Let i(v) = 34*v - 35 - 81*v - 30*v. List the prime factors of i(-2).
7, 17
Suppose 5*b - 186 - 64 = 0. Let v be 1970/b + ((-18)/10)/(-3). Let z = 88 - v. What are the prime factors of z?
2, 3
Let g(x) = -3*x**2 - x**3 + 2*x - 5*x - 15 + 12. Let p be g(-2). List the prime factors of (1 + -29 + -1)/p.
29
List the prime factors of 1503356/190 + (-2)/5.
2, 23, 43
Let k(q) = 446*q - 26. Let z be k(1). Let h = -168 + z. List the prime factors of h.
2, 3, 7
Let a(c) = 2*c - 51. Let x be a(24). Let m(f) = -148*f - 46. What are the prime factors of m(x)?
2, 199
Let m(i) be the third derivative of 3*i**5/20 + 7*i**4/6 + 5*i**3/3 - 122*i**2. What are the prime factors of m(6)?
2, 251
Suppose 4*u - 160941 = -5*h, 3*u + 656*h - 120682 = 657*h. What are the prime factors of u?
7, 821
Let a be (-40204)/(-69) + (-8)/(-6). Suppose 86*m - 88*m = -a. List the prime factors of m.
2, 73
Let s(z) = 431*z + 700. List the prime factors of s(17).
23, 349
Suppose -38 = 2*p - 36. What are the prime factors of (150 - (-2 + -1)) + p